{"id":691,"date":"2021-06-24T14:58:12","date_gmt":"2021-06-24T12:58:12","guid":{"rendered":"https:\/\/silesvachesavaientdesailes.org\/?post_type=product&#038;p=691"},"modified":"2021-09-09T10:53:28","modified_gmt":"2021-09-09T08:53:28","slug":"la-tete-pied-nu","status":"publish","type":"product","link":"https:\/\/silesvachesavaientdesailes.org\/index.php\/product\/la-tete-pied-nu\/","title":{"rendered":"La t\u00eate pied nu"},"content":{"rendered":"<p>[et_pb_section fb_built=\u00a0\u00bb1&Prime; _builder_version=\u00a0\u00bb3.22&Prime; custom_padding=\u00a0\u00bb0px||||false|false\u00a0\u00bb global_colors_info=\u00a0\u00bb{}\u00a0\u00bb][et_pb_row _builder_version=\u00a0\u00bb3.25&Prime; background_size=\u00a0\u00bbinitial\u00a0\u00bb background_position=\u00a0\u00bbtop_left\u00a0\u00bb background_repeat=\u00a0\u00bbrepeat\u00a0\u00bb width=\u00a0\u00bb100%\u00a0\u00bb custom_padding=\u00a0\u00bb0px||0px||false|false\u00a0\u00bb global_colors_info=\u00a0\u00bb{}\u00a0\u00bb][et_pb_column type=\u00a0\u00bb4_4&Prime; _builder_version=\u00a0\u00bb3.25&Prime; custom_padding=\u00a0\u00bb|||\u00a0\u00bb global_colors_info=\u00a0\u00bb{}\u00a0\u00bb custom_padding__hover=\u00a0\u00bb|||\u00a0\u00bb][et_pb_wc_breadcrumb _builder_version=\u00a0\u00bb3.0.47&Prime; global_colors_info=\u00a0\u00bb{}\u00a0\u00bb][\/et_pb_wc_breadcrumb][et_pb_wc_cart_notice _builder_version=\u00a0\u00bb3.0.47&Prime; global_colors_info=\u00a0\u00bb{}\u00a0\u00bb][\/et_pb_wc_cart_notice][\/et_pb_column][\/et_pb_row][et_pb_row column_structure=\u00a0\u00bb1_2,1_2&Prime; _builder_version=\u00a0\u00bb3.25&Prime; background_size=\u00a0\u00bbinitial\u00a0\u00bb background_position=\u00a0\u00bbtop_left\u00a0\u00bb background_repeat=\u00a0\u00bbrepeat\u00a0\u00bb width=\u00a0\u00bb100%\u00a0\u00bb custom_padding=\u00a0\u00bb0px||||false|false\u00a0\u00bb global_colors_info=\u00a0\u00bb{}\u00a0\u00bb][et_pb_column type=\u00a0\u00bb1_2&Prime; _builder_version=\u00a0\u00bb3.25&Prime; custom_padding=\u00a0\u00bb|||\u00a0\u00bb global_colors_info=\u00a0\u00bb{}\u00a0\u00bb custom_padding__hover=\u00a0\u00bb|||\u00a0\u00bb][et_pb_wc_images _builder_version=\u00a0\u00bb3.0.47&Prime; global_colors_info=\u00a0\u00bb{}\u00a0\u00bb][\/et_pb_wc_images][\/et_pb_column][et_pb_column type=\u00a0\u00bb1_2&Prime; _builder_version=\u00a0\u00bb3.25&Prime; custom_padding=\u00a0\u00bb|||\u00a0\u00bb global_colors_info=\u00a0\u00bb{}\u00a0\u00bb custom_padding__hover=\u00a0\u00bb|||\u00a0\u00bb][et_pb_wc_title _builder_version=\u00a0\u00bb3.0.47&Prime; global_colors_info=\u00a0\u00bb{}\u00a0\u00bb][\/et_pb_wc_title][et_pb_wc_price _builder_version=\u00a0\u00bb3.0.47&Prime; global_colors_info=\u00a0\u00bb{}\u00a0\u00bb][\/et_pb_wc_price][et_pb_wc_description _builder_version=\u00a0\u00bb3.0.47&Prime; global_colors_info=\u00a0\u00bb{}\u00a0\u00bb][\/et_pb_wc_description][et_pb_wc_add_to_cart _builder_version=\u00a0\u00bb3.0.47&Prime; global_colors_info=\u00a0\u00bb{}\u00a0\u00bb][\/et_pb_wc_add_to_cart][\/et_pb_column][\/et_pb_row][et_pb_row _builder_version=\u00a0\u00bb3.25&Prime; background_size=\u00a0\u00bbinitial\u00a0\u00bb background_position=\u00a0\u00bbtop_left\u00a0\u00bb background_repeat=\u00a0\u00bbrepeat\u00a0\u00bb width=\u00a0\u00bb100%\u00a0\u00bb global_colors_info=\u00a0\u00bb{}\u00a0\u00bb][et_pb_column type=\u00a0\u00bb4_4&Prime; _builder_version=\u00a0\u00bb3.25&Prime; custom_padding=\u00a0\u00bb|||\u00a0\u00bb global_colors_info=\u00a0\u00bb{}\u00a0\u00bb custom_padding__hover=\u00a0\u00bb|||\u00a0\u00bb][et_pb_wc_tabs _builder_version=\u00a0\u00bb3.0.47&Prime; custom_margin=\u00a0\u00bb||106px|||\u00a0\u00bb global_colors_info=\u00a0\u00bb{}\u00a0\u00bb]\t\t\t\t\t[\/et_pb_wc_tabs][et_pb_wc_upsells _builder_version=\u00a0\u00bb3.0.47&Prime; global_colors_info=\u00a0\u00bb{}\u00a0\u00bb][\/et_pb_wc_upsells][et_pb_wc_related_products _builder_version=\u00a0\u00bb4.9.7&Prime; title_font=\u00a0\u00bbLato|700|||||||\u00a0\u00bb product_title_font=\u00a0\u00bbLato|||on|||||\u00a0\u00bb product_title_font_size=\u00a0\u00bb17px\u00a0\u00bb price_font=\u00a0\u00bbLato|700|||||||\u00a0\u00bb price_text_color=\u00a0\u00bb#E09900&Prime; price_font_size=\u00a0\u00bb18px\u00a0\u00bb global_colors_info=\u00a0\u00bb{}\u00a0\u00bb][\/et_pb_wc_related_products][\/et_pb_column][\/et_pb_row][\/et_pb_section]<\/p>\n","protected":false},"excerpt":{"rendered":"<p>14 Titres &#8211;<\/p>\n<p>14 titres originaux \u00e9crits et compos\u00e9s par Matildy, except\u00e9 la chanson \u00ab\u00a0les deux amants\u00a0\u00bb\u00a0\u00a0\u00e9crite par\u00a0\u00a0\u00a0<a href=\"https:\/\/fr.wikipedia.org\/wiki\/Emmanuel_Venet\">Emmanuel_Venet<\/a>\u00a0(Emmanuel Venet est un psychiatre et \u00e9crivain fran\u00e7ais exer\u00e7ant \u00e0 Lyon. La particularit\u00e9 de ses \u00e9crits et de sa posture professionnelle r\u00e9side dans cette double figure; et de ses propres mots \u00ab\u00a0Je ne suis jamais l\u2019un sans l\u2019autre),\u00a0ainsi que\u00a0<strong>\u00a0<\/strong><strong>\u00ab\u00a0<\/strong>La fin du monde<strong>\u00ab\u00a0,\u00a0<\/strong>une reprise de\u00a0<a href=\"https:\/\/matthieucote.bandcamp.com\/music\">Matthieu C\u00f4te<\/a>\u00a0\u00a0qui\u00a0nous a brutalement\u00a0quitt\u00e9s le 26 septembre 2008.<\/p>\n<p>14 ami.es artistes d\u2019horizons diff\u00e9rents (auteurs interpr\u00e8te\u00a0; plasticiens ; Photographe\u00a0; illustratrice\u00a0; paysagiste\u00a0; architecte) ont illustr\u00e9 cet album.<br \/>\nBuridane\u00a0; Maroussia Chanut\u00a0; Julie-Marie Laurent\u00a0; Aurore Loubersac\u00a0; Fran\u00e7ois Rieux\u00a0; Judith Lesur\u00a0; Juliette Pegon-charley , Melissmell , Lise Masset, Cl\u00e9ment Merlin, Gilles Lizanet\u00a0; Erwan Pinard pour revisiter\u00a0son univers peupl\u00e9 de personnages \u00e9tranges en le figeant dans le temps<\/p>\n","protected":false},"featured_media":692,"template":"","meta":{"_et_pb_use_builder":"on","_et_pb_old_content":"14 titres originaux \u00e9crits et compos\u00e9s par Matildy, except\u00e9 la chanson \"les deux amants\"\u00a0\u00a0\u00e9crite par\u00a0\u00a0\u00a0<a href=\"https:\/\/fr.wikipedia.org\/wiki\/Emmanuel_Venet\">Emmanuel_Venet<\/a>\u00a0(Emmanuel Venet est un psychiatre et \u00e9crivain fran\u00e7ais exer\u00e7ant \u00e0 Lyon. La particularit\u00e9 de ses \u00e9crits et de sa posture professionnelle r\u00e9side dans cette double figure; et de ses propres mots \"Je ne suis jamais l\u2019un sans l\u2019autre),\u00a0ainsi que\u00a0<strong>\u00a0<\/strong><strong>\"<\/strong>La fin du monde<strong>\",\u00a0<\/strong>une reprise de\u00a0<a href=\"https:\/\/matthieucote.bandcamp.com\/music\">Matthieu C\u00f4te<\/a>\u00a0\u00a0qui\u00a0nous a brutalement\u00a0quitt\u00e9s le 26 septembre 2008.\r\n\r\n14 ami.es artistes d\u2019horizons diff\u00e9rents (auteurs interpr\u00e8te\u00a0; plasticiens ; Photographe\u00a0; illustratrice\u00a0; paysagiste\u00a0; architecte) ont illustr\u00e9 cet album.\r\nBuridane\u00a0; Maroussia Chanut\u00a0; Julie-Marie Laurent\u00a0; Aurore Loubersac\u00a0; Fran\u00e7ois Rieux\u00a0; Judith Lesur\u00a0; Juliette Pegon-charley , Melissmell , Lise Masset, Cl\u00e9ment Merlin, Gilles Lizanet\u00a0; Erwan Pinard pour revisiter\u00a0son univers peupl\u00e9 de personnages \u00e9tranges en le figeant dans le temps","_et_gb_content_width":""},"product_brand":[],"product_cat":[28],"product_tag":[],"class_list":{"0":"post-691","1":"product","2":"type-product","3":"status-publish","4":"has-post-thumbnail","6":"product_cat-cd","8":"first","9":"instock","10":"shipping-taxable","11":"purchasable","12":"product-type-simple"},"_links":{"self":[{"href":"https:\/\/silesvachesavaientdesailes.org\/index.php\/wp-json\/wp\/v2\/product\/691","targetHints":{"allow":["GET"]}}],"collection":[{"href":"https:\/\/silesvachesavaientdesailes.org\/index.php\/wp-json\/wp\/v2\/product"}],"about":[{"href":"https:\/\/silesvachesavaientdesailes.org\/index.php\/wp-json\/wp\/v2\/types\/product"}],"wp:featuredmedia":[{"embeddable":true,"href":"https:\/\/silesvachesavaientdesailes.org\/index.php\/wp-json\/wp\/v2\/media\/692"}],"wp:attachment":[{"href":"https:\/\/silesvachesavaientdesailes.org\/index.php\/wp-json\/wp\/v2\/media?parent=691"}],"wp:term":[{"taxonomy":"product_brand","embeddable":true,"href":"https:\/\/silesvachesavaientdesailes.org\/index.php\/wp-json\/wp\/v2\/product_brand?post=691"},{"taxonomy":"product_cat","embeddable":true,"href":"https:\/\/silesvachesavaientdesailes.org\/index.php\/wp-json\/wp\/v2\/product_cat?post=691"},{"taxonomy":"product_tag","embeddable":true,"href":"https:\/\/silesvachesavaientdesailes.org\/index.php\/wp-json\/wp\/v2\/product_tag?post=691"}],"curies":[{"name":"wp","href":"https:\/\/api.w.org\/{rel}","templated":true}]}}